{"id":52,"date":"2024-02-09T00:52:26","date_gmt":"2024-02-08T23:52:26","guid":{"rendered":"http:\/\/www.cedem.org\/intam\/\/?page_id=52"},"modified":"2024-02-28T22:54:58","modified_gmt":"2024-02-28T21:54:58","slug":"articulos","status":"publish","type":"page","link":"http:\/\/www.cedem.org\/intam\/index.php\/articulos\/","title":{"rendered":"Art\u00edculos en l\u00ednea"},"content":{"rendered":"\t\t<div data-elementor-type=\"wp-page\" data-elementor-id=\"52\" class=\"elementor elementor-52\">\n\t\t\t\t<div class=\"elementor-element elementor-element-bf24888 e-flex e-con-boxed e-con e-parent\" data-id=\"bf24888\" data-element_type=\"container\" data-e-type=\"container\">\n\t\t\t\t\t<div class=\"e-con-inner\">\n\t\t\t\t<div class=\"elementor-element elementor-element-a038b19 elementor-widget elementor-widget-text-editor\" data-id=\"a038b19\" data-element_type=\"widget\" data-e-type=\"widget\" data-widget_type=\"text-editor.default\">\n\t\t\t\t<div class=\"elementor-widget-container\">\n\t\t\t\t\t\t\t\t\t<p><strong>ARTURO GUILL\u00c9N<\/strong><\/p><p>\u00a0<\/p><p>Guill\u00e9n A. (2014) \u00abFinancializaci\u00f3n y ganancias financieras\u00bb.\u00a0Revista Brasile\u00f1a de Econom\u00eda Pol\u00edtica, vol.\u00a034, n\u00ba 3 (136), pp. 451-470, julio-septiembre\u00a0<a href=\"http:\/\/www.scielo.br\/pdf\/rep\/v34n3\/v34n3a06.pdf\">(versi\u00f3n pdf) [consultado 7 de febrero de 2019]<\/a><\/p><p>\u00a0<\/p><p>Guill\u00e9n A. (2011)\u00a0\u00abLos efectos de la crisis econ\u00f3mica mundial en Am\u00e9rica Latina\u00bb,\u00a0Revista de econom\u00eda pol\u00edtica\u00a0.\u00a0&#8211; S\u00e3o Paulo: Ed.\u00a034, ISSN 0101-3157, ZDB-ID 734077-1.\u00a0&#8211; vol.\u00a031.2011, 2, p.\u00a0187-202\u00a0<a href=\"http:\/\/www.scielo.br\/pdf\/rep\/v31n2\/01.pdf\">(versi\u00f3n pdf) [consultado 7 de febrero de 2019].<\/a><\/p><p>\u00a0<\/p><p><strong>AIDA LERMAN<\/strong><\/p><p>\u00a0<\/p><p>Lerman\u00a0A. (2007) \u00abAm\u00e9rica Latina entre la Uni\u00f3n Europea y Estados Unidos\u00bb,\u00a0Comercio exterior\u00a0&#8211; M\u00e9xico, DF: Banco Nacional de Comercio Exterior, SNC, ISSN 0185-0601, ZDB-ID 861528-7.\u00a0&#8211; vol.\u00a057.2007, 6, p.\u00a0496-510.\u00a0<a href=\"http:\/\/revistas.bancomext.gob.mx\/rce\/magazines\/104\/5\/RCE5.pdf\">(versi\u00f3n pdf).<\/a><\/p><p>\u00a0<\/p><p>Lerman, A. (2004) \u00abEl \u00e1rea de libre comercio de las Am\u00e9ricas: antecedentes y perspectivas\u00bb,\u00a0Comercio exterior\u00a0&#8211; M\u00e9xico, DF: Banco Nacional de Comercio Exterior, SNC, ISSN 0185-0601, ZDB-ID 861528-7.\u00a0&#8211; vol.\u00a054.2004, 9, p.\u00a0822-832<a href=\"http:\/\/revistas.bancomext.gob.mx\/rce\/magazines\/71\/7\/RCE7.pdf\">\u00a0(versi\u00f3n pdf)<\/a><\/p><p>\u00a0<\/p><p>Lerman, A. (1998) \u00abComercio e integraci\u00f3n en Am\u00e9rica Latina y el Caribe\u00bb,\u00a0Comercio exterior &#8211; M\u00e9xico D\u00a0.F: Banco Nacional de Comercio Exterior, SNC, ISSN 0185-0601, ZDB-ID 861528-7.\u00a0&#8211; vol.\u00a048.1998, 11, p.\u00a0871-879.\u00a0<a href=\"http:\/\/revistas.bancomext.gob.mx\/rce\/magazines\/352\/1\/RCE1.pdf\">(versi\u00f3n pdf)<\/a><\/p><p>\u00a0<\/p><p><strong>ABERLADO MARI\u00d1A<\/strong><\/p><p>\u00a0<\/p><p>Mari\u00f1a Flores, A. (1993).\u00a0<em>Insumo producto: aplicaciones b\u00e1sicas al an\u00e1lisis econ\u00f3mico estructural<\/em>\u00a0.\u00a0Universidad Aut\u00f3noma Metropolitana, Unidad Azcapotzalco, Divisi\u00f3n de Ciencias Sociales y Humanidades, Departamento de Econom\u00eda.\u00a0<a href=\"http:\/\/zaloamati.azc.uam.mx\/bitstream\/handle\/11191\/1784\/Insumo_producto_BAJO_Azcapotzalco.pdf?sequence=1\">(libro versi\u00f3n pdf)<\/a><\/p><p>\u00a0<\/p><p>Mari\u00f1a, A.\u00a0(2004).\u00a0El empleo y las renumeraciones manufacturadas en M\u00e9xicoen el marco del TLCAN .. En\u00a0<em>Gregorio Vidal (Coords.).\u00a0<\/em><strong><em>M\u00e9xico en la regi\u00f3n de Am\u00e9rica del Norte: problemas y perspectivas<\/em><\/strong>\u00a0, Programa Universitario de Investigaci\u00f3n \u00abIntegraci\u00f3n en las Am\u00e9rica\u00bb.\u00a0Universidad Aut\u00f3noma Metrop\u00f1olitana &#8211; Editorial Miguel Angel Porrua, 105-130.\u00a0<a href=\"http:\/\/biblioteca.diputados.gob.mx\/janium\/bv\/ce\/scpd\/LIX\/mex_reg_an_pp.pdf#page=103\">(versi\u00f3n pdf)<\/a><\/p><p>\u00a0<\/p><p><strong>FEDERICO MANCH\u00d3N<\/strong><\/p><p>\u00a0<\/p><p>Manch\u00f3n, F. (2004). El argumento del \u00e1rea monetaria \u00f3ptima y la Uni\u00f3n Monetaria de Am\u00e9rica del Norte. En\u00a0<em>Gregorio Vidal (Coords.).\u00a0<\/em><strong><em>M\u00e9xico en la regi\u00f3n de Am\u00e9rica del Norte: problemas y perspectivas<\/em><\/strong>, Programa Universitario de Investigaci\u00f3n \u00abIntegraci\u00f3n en las Am\u00e9rica\u00bb. Universidad Aut\u00f3noma Metrop\u00f1olitana &#8211; Editorial Miguel Angel Porrua, 201-229.\u00a0<a href=\"http:\/\/biblioteca.diputados.gob.mx\/janium\/bv\/ce\/scpd\/LIX\/mex_reg_an_pp.pdf#page=199\">(versi\u00f3n pdf)<\/a><\/p><p>\u00a0<\/p><p>Manch\u00f3n, L. F. (2005). La Constituci\u00f3n europea y la globalizaci\u00f3n.\u00a0<em>J. Esq tay Reyno, comp., La econom\u00eda mundial y Am\u00e9rica Latina. Tendencias, problemas y desaf\u00edos, CLACSO, Buenos Aires<\/em>.\u00a0<a href=\"http:\/\/www.biblioteca.clacso.edu.ar\/ar\/libros\/reyno\/ParteI3.pdf\">(versi\u00f3n pdf).<\/a><\/p><p>\u00a0<\/p><p>Manch\u00f3n, F. (2006).\u00a0<strong>Cr\u00edtica a la orientaci\u00f3n por valores sobre reg\u00edmenes internacionales<\/strong>.\u00a0<em>Pol\u00edtica y cultura<\/em>, (25), 47-75\u00a0<a href=\"http:\/\/www.scielo.org.mx\/scielo.php?script=sci_arttext&amp;pid=S0188-77422006000100004\">[versi\u00f3n HTML].<\/a><\/p><p>\u00a0<\/p><p><strong>ERNESTO TURNER<\/strong><\/p><p>\u00a0<\/p><p>Turner, E., L. J. Torres y F. V\u00e1zquez (2017) \u00abEl Principio de Optimalidad de Bellman aplicado a la estructura financiera corporativa : caso mexicano\u00bb\u00a0An\u00e1lisis econ\u00f3mico. &#8211; M\u00e9xico, DF, ZDB-ID 2218011-4. &#8211; Vol. 32.2017, 81, p. 151-181<a href=\"http:\/\/www.analisiseconomico.azc.uam.mx\/index.php\/rae\/article\/download\/27\/26\">\u00a0(versi\u00f3n pdf) [consultado 20 de febrero de 2019].<\/a><\/p><p>\u00a0<\/p><p><strong>CARLOS ROZO<\/strong><\/p><p>\u00a0<\/p><p>Rozo, C. A y N. Maldonado (2017) \u00abCurrency carry trade and the cost of international reserves in Mexico\u00bb, CEPAL review. &#8211; New York, NY : Comm, ISSN 0251-2920, ZDB-ID 84936-4. &#8211; 2017, 123, p. 147-166\u00a0<a href=\"https:\/\/repositorio.cepal.org\/bitstream\/handle\/11362\/43451\/1\/RVI123_Rozo.pdf\">(versi\u00f3n pdf) [consultado 20 de febrero de 2019]<\/a><\/p><p>\u00a0<\/p><p>Rozo, C. A.\u00a0 (2004) \u00abEl tratado de libre comercio entre la Uni\u00f3n Europea y M\u00e9xico : flujos comerciales y de capital\u00bb. Banco Nacional de Comercio Exterior, S.N.C, ISSN 0185-0601, ZDB-ID 861528-7. &#8211; Vol. 54.2004, 3, p. 246-257\u00a0<a href=\"http:\/\/revistas.bancomext.gob.mx\/rce\/magazines\/64\/6\/rozo0304.pdf\">(versi\u00f3n pdf).<\/a><\/p><p>\u00a0<\/p><p>Rozo, C. A.\u00a0 (2001)\u00a0Protectionism in the European Union: Implications for Latin America. INTERERECONIMICS, May\/June,\u00a0Volume 36, 2001, Number 3, page 141 to 152\u00a0<a href=\"https:\/\/archive.intereconomics.eu\/author\/carlos-a-rozo\/\">(versi\u00f3n pdf) [consultado 11 de marzo de 2019]<\/a>.<\/p><p>\u00a0<\/p><p><strong>GREGORIO VIDAL<\/strong><\/p><p>\u00a0<\/p><p>Vidal, G. (2004).\u00a0El crecimiento por medio de las exportaciones manufactureras, el avance de la reforma econ\u00f3mica y las grandes empresas.\u00a0En\u00a0<em>Gregorio Vidal (Coords.).\u00a0<\/em><strong><em>M\u00e9xico en la regi\u00f3n de Am\u00e9rica del Norte: problemas y perspectivas<\/em><\/strong>\u00a0, Programa Universitario de Investigaci\u00f3n \u00abIntegraci\u00f3n en las Am\u00e9rica\u00bb.\u00a0Universidad Aut\u00f3noma Metrop\u00f1olitana &#8211; Editorial Miguel Angel Porrua, 52-77.\u00a0<a href=\"http:\/\/biblioteca.diputados.gob.mx\/janium\/bv\/ce\/scpd\/LIX\/mex_reg_an_pp.pdf#page=52\">(versi\u00f3n pdf)<\/a><\/p>\t\t\t\t\t\t\t\t<\/div>\n\t\t\t\t<\/div>\n\t\t\t\t\t<\/div>\n\t\t\t\t<\/div>\n\t\t\t\t<\/div>\n\t\t","protected":false},"excerpt":{"rendered":"<p>ARTURO GUILL\u00c9N \u00a0 Guill\u00e9n A. (2014) \u00abFinancializaci\u00f3n y ganancias financieras\u00bb.\u00a0Revista Brasile\u00f1a de Econom\u00eda Pol\u00edtica, vol.\u00a034, n\u00ba 3 (136), pp. 451-470, julio-septiembre\u00a0(versi\u00f3n pdf) [consultado 7 de febrero de 2019] \u00a0 Guill\u00e9n A. (2011)\u00a0\u00abLos efectos de la crisis econ\u00f3mica mundial en Am\u00e9rica Latina\u00bb,\u00a0Revista de econom\u00eda pol\u00edtica\u00a0.\u00a0&#8211; S\u00e3o Paulo: Ed.\u00a034, ISSN 0101-3157, ZDB-ID 734077-1.\u00a0&#8211; vol.\u00a031.2011, 2, p.\u00a0187-202\u00a0(versi\u00f3n pdf) [&hellip;]<\/p>\n","protected":false},"author":2,"featured_media":0,"parent":0,"menu_order":0,"comment_status":"closed","ping_status":"closed","template":"","meta":{"footnotes":""},"class_list":["post-52","page","type-page","status-publish","hentry"],"blocksy_meta":[],"_links":{"self":[{"href":"http:\/\/www.cedem.org\/intam\/index.php\/wp-json\/wp\/v2\/pages\/52","targetHints":{"allow":["GET"]}}],"collection":[{"href":"http:\/\/www.cedem.org\/intam\/index.php\/wp-json\/wp\/v2\/pages"}],"about":[{"href":"http:\/\/www.cedem.org\/intam\/index.php\/wp-json\/wp\/v2\/types\/page"}],"author":[{"embeddable":true,"href":"http:\/\/www.cedem.org\/intam\/index.php\/wp-json\/wp\/v2\/users\/2"}],"replies":[{"embeddable":true,"href":"http:\/\/www.cedem.org\/intam\/index.php\/wp-json\/wp\/v2\/comments?post=52"}],"version-history":[{"count":8,"href":"http:\/\/www.cedem.org\/intam\/index.php\/wp-json\/wp\/v2\/pages\/52\/revisions"}],"predecessor-version":[{"id":407,"href":"http:\/\/www.cedem.org\/intam\/index.php\/wp-json\/wp\/v2\/pages\/52\/revisions\/407"}],"wp:attachment":[{"href":"http:\/\/www.cedem.org\/intam\/index.php\/wp-json\/wp\/v2\/media?parent=52"}],"curies":[{"name":"wp","href":"https:\/\/api.w.org\/{rel}","templated":true}]}}