{"id":44,"date":"2024-02-09T00:49:46","date_gmt":"2024-02-08T23:49:46","guid":{"rendered":"http:\/\/www.cedem.org\/intam\/\/?page_id=44"},"modified":"2024-02-28T23:00:37","modified_gmt":"2024-02-28T22:00:37","slug":"miembros","status":"publish","type":"page","link":"http:\/\/www.cedem.org\/intam\/index.php\/miembros\/","title":{"rendered":"Miembros del Programa"},"content":{"rendered":"\t\t<div data-elementor-type=\"wp-page\" data-elementor-id=\"44\" class=\"elementor elementor-44\">\n\t\t\t\t<div class=\"elementor-element elementor-element-9e99c72 e-flex e-con-boxed e-con e-parent\" data-id=\"9e99c72\" data-element_type=\"container\" data-e-type=\"container\">\n\t\t\t\t\t<div class=\"e-con-inner\">\n\t\t\t\t<div class=\"elementor-element elementor-element-4c79f96 elementor-widget elementor-widget-text-editor\" data-id=\"4c79f96\" data-element_type=\"widget\" data-e-type=\"widget\" data-widget_type=\"text-editor.default\">\n\t\t\t\t<div class=\"elementor-widget-container\">\n\t\t\t\t\t\t\t\t\t<p><strong>Miembros<\/strong><\/p><p><strong>Arturo Guill\u00e9n<\/strong><\/p><p>Profesor-Investigador Titular Nivel C, UAM Iztapalapa<\/p><p>correo:\u00a0<span id=\"cloaka8a471f0edebb2e3eaf646cc15bac5a1\"><a href=\"mailto:gra@xanum.uam.mx\">grja@xanum.uam.mx<\/a><\/span><\/p><p>Edificio H, Anexo, Cub\u00edculo 008<\/p><p>Tel\u00e9fono: 5804-6586<\/p><p>Miembro del Sistema Nacional de Investigadores Nivel II<\/p><p>Doctorado en: Ciencias Econ\u00f3micas por la Escuela Central de Planificaci\u00f3n y Estad\u00edstica, Varsovia, Polonia.<\/p><p><strong>Aida Lerman Alperstein<\/strong><\/p><p>Profesora-Investigadora Titular Nivel C, UAM Xochimilco<\/p><p>correo:\u00a0<span id=\"cloakdd60a98a73a3c1b26aaaf2fb2f7df3ee\"><a href=\"mailto:alerman@correo.xoc.uam.mx\">alerman@correo.xoc.uam.mx<\/a><\/span><\/p><p>Edificio L, 2o.\u00a0piso, cub\u00edculo 241<\/p><p>Tel\u00e9fono: 5483-7100 ext.\u00a03462<\/p><p>Miembro del Sistema Nacional de Investigadores Nivel I<\/p><p>Doctorado en: Historia (UNAM).<\/p><p><strong>Abelardo Mari\u00f1a Flores<\/strong><\/p><p>Profesor-Investigador Titular Nivel C, UAM Azcapotzalco<\/p><p>Correo:\u00a0<span id=\"cloak4db2a0e794d1befbbb92f0739b7923ac\"><a href=\"mailto:abmf@correo.azc.uam.mx\">abmf@correo.azc.uam.mx<\/a><\/span><\/p><p>Edificio H, cub\u00edculo 115<\/p><p>Tel\u00e9fono: 5318-9136, 5318-9377<\/p><p>Miembro del Sistema Nacional de Investigadores Nivel I<\/p><p>Doctorado en: Econom\u00eda (UNAM).<\/p><p><strong>Federico Manch\u00f3n Cohan<\/strong><\/p><p>Profesor-Investigador Titular Nivel C, UAM Xochimilco<\/p><p>correo:\u00a0<span id=\"cloak5ac451d054ab6d89b3a3869d892f7533\"><a href=\"mailto:fmanchon@correo.xoc.uam.mx\">fmanchon@correo.xoc.uam.mx<\/a><\/span><\/p><p>Edificio L, 2o.\u00a0piso, cub\u00edculo 240<\/p><p>Tel\u00e9fono: 5483-7100 ext.\u00a03432<\/p><p>Doctorado en: Econom\u00eda (UNAM).<\/p><p><strong>Ernesto Henry Turner Barrag\u00e1n<\/strong><\/p><p>Profesor-Investigador Titular Nivel C, UAM Azcapotzalco<\/p><p>Correo:\u00a0<span id=\"cloakc0d64ffca7a962bfe441575ec4cdbb79\"><a href=\"mailto:etb@correo.azc.uam.mx\">etb@correo.azc.uam.mx<\/a><\/span><\/p><p>Edificio H, cub\u00edculo 106<\/p><p>Tel\u00e9fono: 5318-9130<\/p><p>Miembro del Sistema Nacional de Investigadores Nivel I<\/p><p>Doctorado en: Econom\u00eda,\u00a0Universidad de Paris X \u2013 Nanterre.<\/p><p><strong>Carlos A. Rozo Bernal<\/strong><\/p><p>Profesor-Investigador Titular Nivel C, UAM Xochimilco<\/p><p>correo:<span id=\"cloak97d6939cebcbd72286c563d3392ab529\"><a href=\"mailto:rozo@correo.xoc.uam.mx\">rozo@correo.xoc.uam.mx<\/a><\/span><\/p><p>Edificio L, 2do. piso, sala \u00abJos\u00e9 Flores\u00bb<\/p><p>Tel\u00e9fono: 5483-7100 ext. 7454<\/p><p>Miembro del Sistema Nacional de Investigadores (Nivel III)<\/p><p>Doctorado en Ciencias Econ\u00f3micas en la UAM.<\/p><p>Especializaci\u00f3n en Gesti\u00f3n Macroeon\u00f3mica y Pol\u00edtica Econ\u00f3mica en la Universidad de Harvard.<\/p><p><strong>Gregorio Vidal Bonifaz\u00a0(Coordinador del programa &#8211; INTAM)<\/strong><\/p><p>Profesor-Investigador Titular Nivel C, UAM Iztapalapa<\/p><p>correo:\u00a0<span id=\"cloakb3fee8a53ae11d7a39b9624d5a1dbb8c\"><a href=\"mailto:gvb@xanum.uam.mx\">gvb@xanum.uam.mx<\/a><\/span><\/p><p>Edificio H, Anexo, Cub\u00edculo 005<\/p><p>Tel\u00e9fono: 5804-6563, 5804-6498<\/p><p>Miembro del Sistema Nacional de Investigadores Nivel II<\/p><p>Doctor en Estudios Latinoamericanos (Ciencias Pol\u00edticas) por la UNAM.<\/p><p><strong>MIEMBRO HONORARIO<\/strong>\u00a0:<\/p><p>V\u00edctor Manuel Soria M.<\/p>\t\t\t\t\t\t\t\t<\/div>\n\t\t\t\t<\/div>\n\t\t\t\t\t<\/div>\n\t\t\t\t<\/div>\n\t\t\t\t<\/div>\n\t\t","protected":false},"excerpt":{"rendered":"<p>Miembros Arturo Guill\u00e9n Profesor-Investigador Titular Nivel C, UAM Iztapalapa correo:\u00a0grja@xanum.uam.mx Edificio H, Anexo, Cub\u00edculo 008 Tel\u00e9fono: 5804-6586 Miembro del Sistema Nacional de Investigadores Nivel II Doctorado en: Ciencias Econ\u00f3micas por la Escuela Central de Planificaci\u00f3n y Estad\u00edstica, Varsovia, Polonia. Aida Lerman Alperstein Profesora-Investigadora Titular Nivel C, UAM Xochimilco correo:\u00a0alerman@correo.xoc.uam.mx Edificio L, 2o.\u00a0piso, cub\u00edculo 241 Tel\u00e9fono: [&hellip;]<\/p>\n","protected":false},"author":2,"featured_media":0,"parent":0,"menu_order":0,"comment_status":"closed","ping_status":"closed","template":"","meta":{"footnotes":""},"class_list":["post-44","page","type-page","status-publish","hentry"],"blocksy_meta":[],"_links":{"self":[{"href":"http:\/\/www.cedem.org\/intam\/index.php\/wp-json\/wp\/v2\/pages\/44","targetHints":{"allow":["GET"]}}],"collection":[{"href":"http:\/\/www.cedem.org\/intam\/index.php\/wp-json\/wp\/v2\/pages"}],"about":[{"href":"http:\/\/www.cedem.org\/intam\/index.php\/wp-json\/wp\/v2\/types\/page"}],"author":[{"embeddable":true,"href":"http:\/\/www.cedem.org\/intam\/index.php\/wp-json\/wp\/v2\/users\/2"}],"replies":[{"embeddable":true,"href":"http:\/\/www.cedem.org\/intam\/index.php\/wp-json\/wp\/v2\/comments?post=44"}],"version-history":[{"count":8,"href":"http:\/\/www.cedem.org\/intam\/index.php\/wp-json\/wp\/v2\/pages\/44\/revisions"}],"predecessor-version":[{"id":413,"href":"http:\/\/www.cedem.org\/intam\/index.php\/wp-json\/wp\/v2\/pages\/44\/revisions\/413"}],"wp:attachment":[{"href":"http:\/\/www.cedem.org\/intam\/index.php\/wp-json\/wp\/v2\/media?parent=44"}],"curies":[{"name":"wp","href":"https:\/\/api.w.org\/{rel}","templated":true}]}}